{"id":43,"date":"2015-03-13T17:34:06","date_gmt":"2015-03-13T16:34:06","guid":{"rendered":"http:\/\/basti.mynetix.de\/?page_id=43"},"modified":"2021-07-06T21:56:30","modified_gmt":"2021-07-06T19:56:30","slug":"leseproben","status":"publish","type":"page","link":"https:\/\/sebastian-janowitz.de\/?page_id=43","title":{"rendered":"Leseproben"},"content":{"rendered":"<div id=\"attachment_108\" style=\"width: 455px\" class=\"wp-caption aligncenter\"><a href=\"http:\/\/sebastian-janowitz.de\/wp-content\/uploads\/2015\/03\/DESK_1.jpg\"><img loading=\"lazy\" decoding=\"async\" aria-describedby=\"caption-attachment-108\" class=\"wp-image-108 \" src=\"http:\/\/sebastian-janowitz.de\/wp-content\/uploads\/2015\/03\/DESK_1-300x148.jpg\" alt=\"\u00a9 Sebastian Janowitz 2015\" width=\"445\" height=\"220\" srcset=\"https:\/\/sebastian-janowitz.de\/wp-content\/uploads\/2015\/03\/DESK_1-300x148.jpg 300w, https:\/\/sebastian-janowitz.de\/wp-content\/uploads\/2015\/03\/DESK_1-100x49.jpg 100w, https:\/\/sebastian-janowitz.de\/wp-content\/uploads\/2015\/03\/DESK_1-150x74.jpg 150w, https:\/\/sebastian-janowitz.de\/wp-content\/uploads\/2015\/03\/DESK_1.jpg 640w\" sizes=\"auto, (max-width: 445px) 100vw, 445px\" \/><\/a><p id=\"caption-attachment-108\" class=\"wp-caption-text\">\u00a9 Sebastian Janowitz 2015<\/p><\/div>\n<p style=\"text-align: center;\">Meine Kurzgeschichten und Romanprojekte sind \u00fcberwiegend in den Genres Abenteuer, Fantasy, Mystery\/ Horror und\u00a0Science-Fiction anzusiedeln. Ich schreibe sowohl f\u00fcr Kinder und Jugendliche, als auch f\u00fcr Erwachsene.<\/p>\n<p style=\"text-align: center;\">Mit den folgenden Leseproben biete ich ihnen einen Einblick in meine Texte. Klicken sie einfach den Titel an, der sie interessiert. (Tipp: Falls sie eine Geschichte ausdrucken wollen, w\u00e4hlen sie die Druckoption: Brosch\u00fcre; beide Seiten; Bindung links.)<\/p>\n<p style=\"text-align: center;\">Ich w\u00fcnsche ihnen ein spannendes Lesevergn\u00fcgen!<\/p>\n<h5 style=\"text-align: center;\"><\/h5>\n<h5 style=\"text-align: center;\">Abenteuer:<\/h5>\n<p style=\"text-align: center;\"><a href=\"http:\/\/sebastian-janowitz.de\/wp-content\/uploads\/2018\/05\/Mappe-06_LV2_Buchformat_BK_Tim-Eis-Schmugglerbucht.pdf\">Bushcraft Kid: Tim Eis Abenteuer in der Schmugglerbucht<\/a><\/p>\n<h5 style=\"text-align: center;\">Fantasy:<\/h5>\n<p style=\"text-align: center;\"><a href=\"http:\/\/sebastian-janowitz.de\/wp-content\/uploads\/2018\/05\/Mappe-05_LV2_Buchformat_Das-Geheimnis-von-Oma-Wolle.pdf\">Das Geheimnis von Oma Wolle<\/a><\/p>\n<h5 style=\"text-align: center;\">Mystery &amp; Horror:<\/h5>\n<p style=\"text-align: center;\"><a href=\"http:\/\/sebastian-janowitz.de\/wp-content\/uploads\/2018\/05\/Mappe-04_LV2_Buchformat_Neben-dem-Bett.pdf\">Neben dem Bett<\/a><\/p>\n<p style=\"text-align: center;\"><a href=\"http:\/\/sebastian-janowitz.de\/wp-content\/uploads\/2018\/05\/Mappe-03_LV2_Buchformat_Das-alte-Foto.pdf\">Das alte Foto<\/a><\/p>\n<p>&nbsp;<\/p>\n<p style=\"text-align: center;\">Ich w\u00fcnsche ihnen viel Spa\u00df beim Lesen,<\/p>\n<p style=\"text-align: center;\">\u00a9Sebastian Janowitz.<\/p>\n<p style=\"text-align: left;\">Bitte beachten sie das Urheberrecht. Kopieren, vervielf\u00e4ltigen oder ver\u00f6ffentlichen sie keine Texte, Bilder oder andere Medien dieser Seite ohne ausdr\u00fcckliche schriftliche Genehmigung.<\/p>\n","protected":false},"excerpt":{"rendered":"<p>Meine Kurzgeschichten und Romanprojekte sind \u00fcberwiegend in den Genres Abenteuer, Fantasy, Mystery\/ Horror und\u00a0Science-Fiction anzusiedeln. Ich schreibe sowohl f\u00fcr Kinder und Jugendliche, als auch f\u00fcr Erwachsene. Mit den folgenden Leseproben biete ich ihnen einen Einblick in meine Texte. Klicken sie einfach den Titel an, der sie interessiert. (Tipp: Falls sie eine Geschichte ausdrucken wollen, w\u00e4hlen&hellip;<\/p>\n","protected":false},"author":1,"featured_media":0,"parent":0,"menu_order":3,"comment_status":"open","ping_status":"open","template":"page-without-comments.php","meta":{"footnotes":""},"class_list":["post-43","page","type-page","status-publish","hentry"],"_links":{"self":[{"href":"https:\/\/sebastian-janowitz.de\/index.php?rest_route=\/wp\/v2\/pages\/43","targetHints":{"allow":["GET"]}}],"collection":[{"href":"https:\/\/sebastian-janowitz.de\/index.php?rest_route=\/wp\/v2\/pages"}],"about":[{"href":"https:\/\/sebastian-janowitz.de\/index.php?rest_route=\/wp\/v2\/types\/page"}],"author":[{"embeddable":true,"href":"https:\/\/sebastian-janowitz.de\/index.php?rest_route=\/wp\/v2\/users\/1"}],"replies":[{"embeddable":true,"href":"https:\/\/sebastian-janowitz.de\/index.php?rest_route=%2Fwp%2Fv2%2Fcomments&post=43"}],"version-history":[{"count":39,"href":"https:\/\/sebastian-janowitz.de\/index.php?rest_route=\/wp\/v2\/pages\/43\/revisions"}],"predecessor-version":[{"id":530,"href":"https:\/\/sebastian-janowitz.de\/index.php?rest_route=\/wp\/v2\/pages\/43\/revisions\/530"}],"wp:attachment":[{"href":"https:\/\/sebastian-janowitz.de\/index.php?rest_route=%2Fwp%2Fv2%2Fmedia&parent=43"}],"curies":[{"name":"wp","href":"https:\/\/api.w.org\/{rel}","templated":true}]}}